t is the units digit of o?
8
Suppose 2*g = -2*g + 732. What is the units digit of g?
3
Suppose 11 = -j - 1. Let k = 27 + j. What is the units digit of k?
5
Suppose -1380 = 87*q - 92*q. What is the tens digit of q?
7
Let s be 12/(-18) + 26/(-6). What is the tens digit of -1*s*(-9)/(-3)?
1
Let z(y) = -58*y - 22. What is the units digit of z(-2)?
4
Let h(d) be the first derivative of -d**2 - 1/4*d**4 + 1 - 4/3*d**3 + 4*d. What is the units digit of h(-4)?
2
Let s = 200 + 11. What is the tens digit of s?
1
Let k(j) = 6*j**2 - 3*j - 4. Let y(p) = -p**3 + 3*p + 1. Let t be y(-2). What is the units digit of k(t)?
1
Let q(a) = a**3 - a**2 + 2*a - 1. What is the tens digit of q(3)?
2
Suppose 3*f - 2*f - 3*w = 10, 2*f - 25 = w. Let q = f - 5. What is the units digit of q?
8
Suppose -z + 8 = -w, 2*w - 12 = z + 5*w. Let s = z - 1. What is the units digit of s?
2
Suppose 2*h = -2*g + 12 - 4, 2*h + 5*g = 23. Let l = 5 + h. Suppose 5*m = l*p - 75, m + 1 + 2 = 0. What is the tens digit of p?
1
Suppose 138 = -13*c + 16*c. What is the units digit of c?
6
Let r be ((-9)/(-15))/(3/15). Suppose -d = -r - 9. What is the units digit of d?
2
Let x(u) = -u**3 + 8*u**2 + 9*u - 11. What is the tens digit of x(8)?
6
Let m = 187 + -58. What is the tens digit of m?
2
Let r = 11 + -19. Let a = r + 13. Suppose -8 = -o + 2*c + a, o - 20 = -5*c. What is the tens digit of o?
1
Let q(g) = -2*g**3 + 10*g**2 + 5*g + 4. What is the tens digit of q(5)?
2
Let z(i) = -6*i - 6. What is the tens digit of z(-9)?
4
Let l = 148 - 81. What is the tens digit of l?
6
Let r(q) = -22*q - 33. What is the tens digit of r(-8)?
4
Let k(j) = -j**2 + 14*j - 10. Let t = 7 + 6. What is the units digit of k(t)?
3
Let z be (5 - 8)*40/(-3). Let h(i) = i**3 + 3*i**2 - 4*i. Let q be h(-4). Suppose q = 6*l - l - z. What is the units digit of l?
8
Suppose 157 - 20 = t. What is the tens digit of t?
3
Let z(d) = 3*d**2 + 9*d + 4. Let n(j) = -13*j**2 - 37*j - 17. Let r(i) = -2*n(i) - 9*z(i). Let u be r(-6). Suppose -14 = -u*x + 6. What is the units digit of x?
5
Let u(j) = 3 - 3*j**2 + 2*j - 1 + j**3 - 5. Let t be u(3). Suppose 2*r = t*r - 2*l - 9, -8 = -r + l. What is the units digit of r?
7
Let v = -153 - -230. What is the units digit of v?
7
Suppose 757 = 18*o + 109. What is the tens digit of o?
3
Suppose 2 = 2*c, -r + 4*c = 3*c - 329. What is the units digit of r?
0
Suppose -10 - 5 = 2*p - 5*y, -5*y + 25 = 0. Suppose -16 = j - p*j. What is the units digit of j?
4
Let s(m) = -4*m + 2. Let b be s(-10). Suppose 3*t + 0*n - 36 = 3*n, -n = -4*t + b. What is the units digit of t?
0
Let r(p) = -p**2 + 2*p - 1. Let s be r(3). Let a = 6 + s. What is the units digit of a?
2
Let o be ((-2)/(-6))/(2/12). Let p be (-12)/(-5) - (-4)/(-10). What is the units digit of o/1*9/p?
9
Let d(m) = m**2 + 5*m - 3. Let y be d(-5). Let j be y + -3 + 6 + 52. Suppose -5*w + k = -2*k - 65, -4*w - 4*k + j = 0. What is the tens digit of w?
1
Suppose 0 = -2*w + 13 - 7. Suppose -2*a - 6 = -4*q, -a - 6 = 2*a - 5*q. Suppose w + a = 2*j. What is the units digit of j?
3
Suppose -3*h + 4 = -2. Suppose 2*p + h*p = 4. Let x = p + 0. What is the units digit of x?
1
Let t = 60 - 10. What is the units digit of t?
0
Suppose 0 = -3*a + 2*a + 24. What is the units digit of a?
4
Let h(c) = c**2 + 5*c - 8. Let u be h(-7). Let n = u - 2. Suppose -n = -2*q - 2. What is the units digit of q?
1
Let b be (26/(-6))/((-2)/6). What is the tens digit of 3 - 5 - b*-1?
1
Let k be 3 - (-1 - (62 + 0)). Suppose -6*n = -3*n - k. What is the tens digit of n?
2
Suppose -37 = -3*r - 127. Let w = 42 + r. What is the tens digit of w?
1
Let n(b) be the first derivative of b**3/3 + 5*b**2/2 + 7*b - 1. What is the tens digit of n(-7)?
2
Let d = 14 - 4. Suppose -3*g + d = -5*y, -5*y - 10 = -0*g - 5*g. What is the units digit of g + 0 + 3/3?
1
Let j = 23 + -12. Let h(m) = m**2 - 10*m. What is the units digit of h(j)?
1
Suppose 0 = -18*f + 3932 + 604. What is the units digit of f?
2
Let x(f) = -f + 11. What is the units digit of x(4)?
7
Suppose 5*a + 5*b = 45, -95 = 2*a - 7*a + 5*b. Suppose -2*m + a + 18 = 0. What is the tens digit of m?
1
Let g be ((-39)/9)/(2/6). Let p = 13 + -22. Let o = p - g. What is the units digit of o?
4
Let k be 0/(3/(-3))*1. Suppose i - 5*i - 20 = k, -3*s + i = -32. What is the units digit of s?
9
Let b(m) = m**3 - 13*m**2 + 13*m - 12. Let o be b(12). Suppose 0 = u - o - 3. Suppose -5*s + 5 = 0, -3*x - u + 10 = s. What is the units digit of x?
2
Let v = 6 + -3. Let j = v + -5. Let c = j - -3. What is the units digit of c?
1
Let u be (0 - 1)*1 + 1. Suppose -2*r + r + 5 = u. Suppose 0 = 4*n - n - 3*l - 15, -3*n + 39 = r*l. What is the units digit of n?
8
Suppose -n + 0*n = 0. Let b(t) = t**3 - t**2 + 14. What is the tens digit of b(n)?
1
Suppose -135 = -10*z + 1135. What is the units digit of z?
7
Let k(h) be the second derivative of -h**4/12 - 2*h**3/3 + 7*h**2/2 + h. What is the units digit of k(-5)?
2
Let m(z) = z**3 - 7*z**2 + 2*z - 10. Let y be m(7). Let l(v) = -v**2 + 5*v + 6. Let s be l(6). Suppose y = u - s*u. What is the units digit of u?
4
Suppose 0 = -2*u + 6*u - 332. What is the tens digit of u?
8
Let v(t) = -t**3 + 3*t**2 + 4*t + 1. Suppose -x + 3*q + 21 = 4*x, 2*q + 1 = -x. What is the tens digit of v(x)?
1
Let p = -1 - -1. What is the units digit of (5 - 2)*(3 - p)?
9
Suppose -27 - 17 = 4*a. Let l = -6 - a. Suppose 3*g = l*c + 2, 0 = 3*g - 2*c - 2 - 6. What is the units digit of g?
4
Let n be (6 - (-3 + 0)) + -3. What is the units digit of n/8*(-4)/(-1)?
3
Let f(r) = -r**3 + r**2 - r - 1. Let k(x) = 2*x**3 + 3*x**2 - 6*x - 4. Let o(z) = f(z) + k(z). What is the units digit of o(-5)?
5
Let a(r) = -18*r + 4. What is the tens digit of a(-11)?
0
Let w be (-3 + 2)*(-1 + -1). Let y = -8 - -11. Suppose s - 3*s + 12 = w*t, y*t = -2*s + 13. What is the units digit of t?
1
Suppose 0*j + 3*j - 144 = 0. What is the tens digit of j?
4
Let q = 1 + 17. What is the tens digit of q?
1
Suppose -3 = 2*h + 3*q - 1, 0 = -h - q - 1. What is the units digit of 1/(h/(-2)) - 0?
2
Suppose -4*l + 5 + 31 = 0. What is the units digit of (l*-3)/(-3) + 0?
9
Suppose 8*u + 255 = 1871. What is the tens digit of u?
0
Suppose 0 = 4*p - 9*p + 10. Suppose -p*g + 13 = -g. What is the tens digit of g?
1
Let b(i) = -i**2 + 1. Let h be b(-1). Suppose -2*x + f + 15 = 0, -5*x + h*x + 5*f + 40 = 0. What is the units digit of x?
7
Suppose 13*n - 472 = 9*n. What is the units digit of n?
8
Let i = 4 + 0. Let p = i - 4. What is the units digit of -1*(-3 - p/(-3))?
3
Let c = 342 - 113. What is the tens digit of c?
2
What is the units digit of (3 - 5)/(-4 + 2)?
1
Let i = -1 - 5. What is the units digit of 3/i*4 - -16?
4
Let b be 66/(-10) + 2/(-5). Let t = -5 - b. What is the units digit of t?
2
Suppose -4*g + 5*z - z + 68 = 0, 0 = -2*z - 10. Let q = 65 - g. What is the units digit of q?
3
Suppose b + 0*b - 423 = 2*v, 5*v + 20 = 0. Let w = b + -679. What is the units digit of 6/15 - w/15?
8
Let g(p) = -10*p + 1. What is the units digit of g(-17)?
1
Let t be 0 + -1 + (3 - 3). Let g be (-3 - -2)/(t/3). Suppose g*a - 5*a = -18. What is the units digit of a?
9
Suppose 0*y = 5*y - 75. What is the tens digit of y?
1
Suppose 0 = -5*p + 17 - 2. Suppose 0 = -2*i + 2*u + 2, -4*i + 14 = u - p*u. What is the units digit of i?
6
Suppose 5*r + 2*p = 26, -11 = r - 2*p - 3*p. Suppose r*l - 3*c - 55 = 0, 3*c = -5*l + 26 + 36. Suppose 2*x = 1 + l. What is the units digit of x?
7
Let j be (36/(-30))/((-2)/5). Suppose 2*c = j*c + 2. Let k = c + 8. What is the units digit of k?
6
Suppose f + f + 16 = 0. Let a = 23 + f. What is the tens digit of a?
1
Suppose 4*y + 3*r = 36, 0 = -4*y + 2*y - 5*r + 32. Let q = 4 + -7. Let a = y + q. What is the units digit of a?
3
Let d(p) = -7*p - 3. Let h(x) = -2*x - 1. Let y(c) = 2*d(c) - 9*h(c). What is the tens digit of y(4)?
1
Suppose 0*w - 35 = -w. What is the units digit of w?
5
Let v be ((-4)/(-8))/((-1)/(-6)). Suppose -v*o = -0*o. Suppose o = -2*i, -2*t + 0*t + 3*i = -2. What is the units digit of t?
1
Suppose -94 = -5*y + 131. What is the tens digit of y?
4
Let h = 3 - 0. Let f = h - 1. Suppose 5*z + g = -g + 40, -16 = -f*z - 5*g. What is the units digit of z?
8
Let j = -3 + -29. What is the units digit of (j + 8)/(6/(-4))?
6
Suppose 0 = m - 1 - 0. Let o(b) = 18*b**2 